{"id":1018,"date":"2020-11-16T23:57:41","date_gmt":"2020-11-17T02:57:41","guid":{"rendered":"http:\/\/robotlab.uai.cl\/web\/?page_id=1018"},"modified":"2020-11-17T04:57:57","modified_gmt":"2020-11-17T07:57:57","slug":"menciones","status":"publish","type":"page","link":"https:\/\/robotlab.uai.cl\/en\/menciones\/","title":{"rendered":"Press Mentions"},"content":{"rendered":"<p><\/p>\n<ul>\n<li>News on the University portal Adolfo Ib\u00e1\u00f1ez highlights Fondecyt de Initiation 2020 research grant for our academic director Carmina Rodr\u00edguez:<br \/>\n<a href=\"https:\/\/noticias.uai.cl\/academica-carmina-rodriguez-gana-fondecyt-de-iniciacion\/\">https:\/\/noticias.uai.cl\/academica-carmina-rodriguez-gana-fondecyt-de-iniciacion\/<\/a><\/li>\n<li>The Asia Pacific program of the National Library of Congress highlights the news of UAI Social robotics Conference day, on November 17, in the framework of the 2020 Social Media Conference at the Journalism School of the UAI.<br \/>\n<a href=\"https:\/\/t.co\/odCicnrR90?amp=1\">https:\/\/t.co\/odCicnrR90?amp=1<\/a><\/li>\n<li>The Asia Pacific program of the National Congress Library highlights Carmina Rodr\u00edguez&#8217;s participation in the sixth version of the public-private robotics table:<br \/>\n<a href=\"https:\/\/www.bcn.cl\/observatorio\/asiapacifico\/noticias\/carmina-rodriguez-uai-robotica-social\">https:\/\/www.bcn.cl\/observatorio\/asiapacifico\/noticias\/carmina-rodriguez-uai-robotica-social<\/a><\/li>\n<li>Our academic director Carmina Rodr\u00edguez publishes an opinion column in La Segunda newspaper <a href=\"http:\/\/robotlab.uai.cl\/web\/wp-content\/uploads\/2020\/11\/Robotica-social-La-Segunda.jpg\">on the contribution of social robots during the pandemic<\/a> (in Spanish)<\/li>\n<li>Cooler UAI, the media outlet of the School of Communications and Journalism at Adolfo Ib\u00e1\u00f1ez University, highlights a talk given by our academic director Carmina Rodr\u00edguez about the use of social robots during the pandemic:<br \/>\n<a href=\"https:\/\/cooleruai.com\/2020\/05\/07\/robotica-social-en-tiempos-de-pandemia\/\">https:\/\/cooleruai.com\/2020\/05\/07\/robotica-social-en-tiempos-de-pandemia\/<\/a><\/li>\n<\/ul>\n<p><\/p>","protected":false},"excerpt":{"rendered":"News on the University portal Adolfo Ib\u00e1\u00f1ez highlights Fondecyt de Initiation 2020 research grant for our academic director Carmina Rodr\u00edguez:&#8230;","protected":false},"author":1,"featured_media":1054,"parent":0,"menu_order":0,"comment_status":"closed","ping_status":"closed","template":"","meta":{"_acf_changed":false,"footnotes":""},"class_list":["post-1018","page","type-page","status-publish","has-post-thumbnail","hentry"],"acf":[],"_links":{"self":[{"href":"https:\/\/robotlab.uai.cl\/en\/wp-json\/wp\/v2\/pages\/1018","targetHints":{"allow":["GET"]}}],"collection":[{"href":"https:\/\/robotlab.uai.cl\/en\/wp-json\/wp\/v2\/pages"}],"about":[{"href":"https:\/\/robotlab.uai.cl\/en\/wp-json\/wp\/v2\/types\/page"}],"author":[{"embeddable":true,"href":"https:\/\/robotlab.uai.cl\/en\/wp-json\/wp\/v2\/users\/1"}],"replies":[{"embeddable":true,"href":"https:\/\/robotlab.uai.cl\/en\/wp-json\/wp\/v2\/comments?post=1018"}],"version-history":[{"count":3,"href":"https:\/\/robotlab.uai.cl\/en\/wp-json\/wp\/v2\/pages\/1018\/revisions"}],"predecessor-version":[{"id":1022,"href":"https:\/\/robotlab.uai.cl\/en\/wp-json\/wp\/v2\/pages\/1018\/revisions\/1022"}],"wp:featuredmedia":[{"embeddable":true,"href":"https:\/\/robotlab.uai.cl\/en\/wp-json\/wp\/v2\/media\/1054"}],"wp:attachment":[{"href":"https:\/\/robotlab.uai.cl\/en\/wp-json\/wp\/v2\/media?parent=1018"}],"curies":[{"name":"wp","href":"https:\/\/api.w.org\/{rel}","templated":true}]}}

<p></p>
<ul>
<li>News on the University portal Adolfo Ibáñez highlights Fondecyt de Initiation 2020 research grant for our academic director Carmina Rodríguez:<br />
<a href="https://noticias.uai.cl/academica-carmina-rodriguez-gana-fondecyt-de-iniciacion/">https://noticias.uai.cl/academica-carmina-rodriguez-gana-fondecyt-de-iniciacion/</a></li>
<li>The Asia Pacific program of the National Library of Congress highlights the news of UAI Social robotics Conference day, on November 17, in the framework of the 2020 Social Media Conference at the Journalism School of the UAI.<br />
<a href="https://t.co/odCicnrR90?amp=1">https://t.co/odCicnrR90?amp=1</a></li>
<li>The Asia Pacific program of the National Congress Library highlights Carmina Rodríguez&#8217;s participation in the sixth version of the public-private robotics table:<br />
<a href="https://www.bcn.cl/observatorio/asiapacifico/noticias/carmina-rodriguez-uai-robotica-social">https://www.bcn.cl/observatorio/asiapacifico/noticias/carmina-rodriguez-uai-robotica-social</a></li>
<li>Our academic director Carmina Rodríguez publishes an opinion column in La Segunda newspaper <a href="http://robotlab.uai.cl/web/wp-content/uploads/2020/11/Robotica-social-La-Segunda.jpg">on the contribution of social robots during the pandemic</a> (in Spanish)</li>
<li>Cooler UAI, the media outlet of the School of Communications and Journalism at Adolfo Ibáñez University, highlights a talk given by our academic director Carmina Rodríguez about the use of social robots during the pandemic:<br />
<a href="https://cooleruai.com/2020/05/07/robotica-social-en-tiempos-de-pandemia/">https://cooleruai.com/2020/05/07/robotica-social-en-tiempos-de-pandemia/</a></li>
</ul>
<p></p>

News on the University portal Adolfo Ibáñez highlights Fondecyt de Initiation 2020 research grant for our academic director Carmina Rodríguez:&#8230;
